e 0 = -3*i + 2*k + 46, 0 = 4*i - k - 6 - 52. Suppose 3*n + 3*o - 7*o = -5, 3*n + 5*o = -i. List the prime factors of w(n).
11
Let c(x) = 27*x**2. What are the prime factors of c(-1)?
3
Let j(n) = -n**3 - 3*n**2 + 7*n + 5. Let u be j(-5). List the prime factors of 16/u*50/2.
2, 5
Let m(d) = -d**3 - 10*d**2 - 2*d - 5. Let u be m(-10). Suppose -3*s - 11 = 2*p, 3*s = 2*p - 4 - u. List the prime factors of p.
2
Let f = -3 + 11. Suppose f = -c + 3*c. What are the prime factors of (-45)/(-4) - 1/c?
11
Let u be (-2)/2*(2 + -2). Suppose -5*m + 4*k = -84, u*k - 79 = -5*m - k. What are the prime factors of m?
2
Suppose 4*n = -0*n + 56. Suppose n = 3*t + 5. What are the prime factors of t?
3
Let j(b) = 3*b - 17. What are the prime factors of j(7)?
2
Suppose -4*n = 6 - 18. Suppose -28 = -4*w - 4*v, -n*v = -4*w - 0*v + 63. What are the prime factors of w?
2, 3
What are the prime factors of 29 + 16 + 1*3?
2, 3
Let n(b) = -b**3 + 8*b**2 - 5*b + 1. List the prime factors of n(5).
3, 17
Suppose -10 = -2*y - 6. Suppose y*x = 19 + 27. What are the prime factors of x?
23
Let a(d) = -d**2 - 8*d - 6. Let y be a(-8). Let c = y - -6. What are the prime factors of (1 - c - 3) + 6?
2
Suppose -136 = 3*l - 4*l - 2*c, 0 = -5*l + 4*c + 610. What are the prime factors of l?
2, 3, 7
Suppose -k = -0*k - 2. Suppose 0 = 2*h - x - 5, 3*h - k*h - 3*x + 10 = 0. What are the prime factors of h?
5
Let a = 2 - 1. Let f(g) = -g**2 + g - 1. Let t be f(a). Let q = t + 8. What are the prime factors of q?
7
Let y(w) = -w + 2. Let q be 3/6 - 21/2. What are the prime factors of y(q)?
2, 3
Let y(u) = 1 - u**3 + 5*u + 4*u**2 + 0*u**3 - 2. Let d be y(5). Let i = 1 - d. What are the prime factors of i?
2
Let m be 144/(-14) + (-8)/(-28). Suppose -3*h = -2*j + 19, 5*h + 3*j = 14 - 52. Let r = h - m. List the prime factors of r.
3
Let z(m) = m**2. Let n(o) = 5*o**2 + 9*o - 4. Let x(g) = n(g) - 6*z(g). Suppose k + 4*k - 25 = 0. List the prime factors of x(k).
2
Suppose 7*d = 2*d + 190. List the prime factors of d.
2, 19
What are the prime factors of (-3 - -6)*1 + 2?
5
Let v(a) = a**3 + a**2 + 31. List the prime factors of v(0).
31
Suppose 1 = 2*p - 3. Suppose -u + 12 = -k, -1 = -p*k + 9. List the prime factors of u.
17
Suppose 11 + 171 = 5*l - 3*t, 3*t = -5*l + 188. What are the prime factors of l?
37
Suppose 85 = 2*b - 3*d, 2*d - 3*d - 185 = -4*b. List the prime factors of b.
47
Let d = 9 - 11. What are the prime factors of ((-148)/(-12))/(d/(-6))?
37
Let i = 6 + 4. Suppose -m + 6*m + i = 0. What are the prime factors of m/3 + 41/3?
13
Suppose z = 2*q - 410, 5*z + 15 = 5. List the prime factors of q.
2, 3, 17
Suppose 4*y = -y + 15. Suppose 0 = -y*l + 13 - 4. Suppose l*z = -z + 48. List the prime factors of z.
2, 3
Let k be 6*-2*(-6)/9. What are the prime factors of (-2)/k - (-49)/4?
2, 3
Suppose -2*n = -4*z, 4*n - 2*z + 5*z = 0. Suppose 2*s = -n*s. Suppose 0 = -c - 5*r + 9 + 3, 3*r - 6 = s. What are the prime factors of c?
2
Suppose 3*h + 5*t - 116 = 146, 4*t - 352 = -4*h. List the prime factors of h.
89
Let x(h) = -h + 10. Let f be x(7). Suppose -4*k + 1 = 2*v + 7, -f*v - k + 11 = 0. List the prime factors of v.
5
Let l(q) = q**2 - 8*q + 2. Let b be l(7). Let y(o) be the first derivative of o**4/4 + 4*o**3/3 - 7*o**2/2 - 4*o - 1. List the prime factors of y(b).
2, 3
Suppose -r = -b + 4*r + 71, r = b - 59. What are the prime factors of b?
2, 7
Suppose -m + 11 = -29. What are the prime factors of m?
2, 5
Suppose -2*b - 18*z = -21*z - 559, 2*b = -5*z + 583. What are the prime factors of b?
2, 71
Let j(r) = -r + 6. Let a be j(8). Let i = -2 - a. Suppose -5*u - 3*m = -43, i*u - m = u - 9. What are the prime factors of u?
2
Let v(q) = -24*q + 3. Let y be v(-5). Let z = -86 + y. What are the prime factors of z?
37
Let k(t) = -t**3 + 3*t**2 + 4*t - 4. Let o be k(3). Suppose -c + 2*s + o = 0, -2*c = -3*c - 4*s - 16. Let a = c + 3. List the prime factors of a.
3
Let t(d) = -d + 2. Let r be t(2). Suppose -2*s = -2*z + 4, 2*s - 5*z + 19 = -r. Suppose j - 31 = -5*v, 5*j = s*v + 25 + 18. List the prime factors of j.
11
Let c(q) be the third derivative of q**5/30 + q**4/3 + 2*q**3/3 + 3*q**2. List the prime factors of c(-5).
2, 7
Let h = 19 - 16. Suppose 12 = 4*q, 5*q - 23 = -h*g + 43. What are the prime factors of g?
17
What are the prime factors of (160/(-15)*1)/((-8)/204)?
2, 17
Let c = 10 - -52. What are the prime factors of c?
2, 31
Suppose 4*j = -0*j + 16. Let z = -2 - -6. Suppose 0 = z*v + j*m + 12, m + 2 = -3. List the prime factors of v.
2
Suppose 22*g - 528 = 11*g. What are the prime factors of g?
2, 3
Let z = -4 + 10. Let f be (-2)/z + 46/(-6). What are the prime factors of f + 7 - (-3 + -1)?
3
Let o = 7 + -2. Let y = o - 3. List the prime factors of y.
2
Suppose -5*n + 344 = -z, 0*n - 84 = -n + 4*z. List the prime factors of n.
2, 17
Suppose 5*s - 3*x = 402, s - x - 55 - 27 = 0. Suppose -4*k + 34 = -s. What are the prime factors of k?
2, 7
Suppose 2*k - 114 = -8. Suppose k = m + 15. Let u = -26 + m. What are the prime factors of u?
2, 3
Let c(m) = -m**2 - 3*m + 7. Let t be c(-6). Let i = 8 + t. What are the prime factors of 0 + 9 + (-4 - i)?
2
Suppose -1 = -4*w + 19. Suppose -t = -3*t + w*m + 12, 5*t = -m + 30. List the prime factors of t.
2, 3
Let j(n) = -3*n**3 + 2*n + 5*n**2 + 2*n**3 + 2*n**3. Let x(b) = -b**2 + 7*b - 3. Let y be x(7). What are the prime factors of j(y)?
2, 3
Suppose -5*b - 171 = -8*b. List the prime factors of b.
3, 19
Suppose -d - 20 = -6*d. Suppose d*c + c - 35 = 0. What are the prime factors of c?
7
Let u(y) = -y**2 + 9*y + 12. Let o be u(10). Suppose -2*q + 4*q - 3*r + 30 = 0, -o*q + 2*r = 34. List the prime factors of (-6)/q - 150/(-14).
11
Let f(y) = -y**3 - 2*y**2 - 4*y - 3. Suppose -4 = -q - 6. What are the prime factors of f(q)?
5
Let m(d) = -d + 4. Let g = -2 + 3. Let s be g/(-1)*(2 + 5). List the prime factors of m(s).
11
Let t(a) = -14*a. Let j be t(-1). Let x = -8 + j. Let v = -3 + x. What are the prime factors of v?
3
Let h(q) = 3 - 3*q + 2 + 4*q. Let y be h(-4). Suppose 0 = -c - 5*n + 26, 5*c + 3*n + y - 65 = 0. What are the prime factors of c?
11
Suppose 2*x = 3*a - a - 444, 5*a - 2*x - 1125 = 0. List the prime factors of a.
227
Suppose -4*d - 1 = -25. Suppose 0 = -5*h - 2*m + 199, 3*m = h - d*h + 196. List the prime factors of h.
41
Let s = -5 + 6. Let p be (-1 + 0)*s + 1. Suppose j - 4*j + 24 = p. What are the prime factors of j?
2
Let m = -7 + 7. Let r = m + 6. List the prime factors of r.
2, 3
Let m be (0 - (-1 - -1))/(-2). Suppose 0*b = -2*b + 22. Suppose y - b = -m. List the prime factors of y.
11
Let t = 11 - 6. Let i = t + -5. Let p = 8 - i. What are the prime factors of p?
2
Let y = -3 - -22. What are the prime factors of y?
19
Let l be (1 - 5)*1/(-2). Suppose -3*p + 4*t - 6 = l*p, 4*t = -5*p + 26. What are the prime factors of (-5)/10 + 17/p?
2
Suppose 3*y = g - 104 - 83, 0 = -5*g + 4*y + 946. List the prime factors of g.
2, 5, 19
Suppose 5*x + y - 60 = 30, -3*y = 0. What are the prime factors of x?
2, 3
Let o(f) = -91*f - 1. Let b be o(1). What are the prime factors of (b/12)/(1/(-3))?
23
Let y(r) = -12*r. Suppose 0 = -5*l - 42 + 2. Let b be (2/3)/(l/12). List the prime factors of y(b).
2, 3
Let o(p) = p**3 + 6*p**2 - 2*p - 4. Let d be o(-5). Let a = d - 18. List the prime factors of a.
13
Let f be 12/((-2)/(24/(-9))). Let j = f - 4. List the prime factors of j.
2, 3
Let g be ((-6)/(-1) + 0)/2. Suppose 0 = i + g*i - 104. What are the prime factors of i?
2, 13
Suppose 22 = 2*f + y, -2*f + 16 = -0*y + 4*y. What are the prime factors of ((-102)/f)/((-2)/4)?
17
Suppose 61 = -3*j - 59. Let x = j - -71. List the prime factors of x.
31
Suppose 2*z = z. Let n(v) = v - 5*v - 1 + z. What are the prime factors of n(-2)?
7
Suppose -4*c + 36 = 2*o, 3*o = c - 0*c + 75. What are the prime factors of o?
2, 3
Let v be (2/(-5))/(5/(-50)). Suppose -n + 141 = v*t - 0*t, -5*t + 165 = 5*n. List the prime factors of t.
2, 3
Let r(x) be the second derivative of x**4/6 - x**3/2 - x**2 - 2*x. List the prime factors of r(3).
7
Suppose 289 = 3*x + s, -4*s + 181 = 2*x - s. List the prime factors of x.
2, 7
Suppose 10*j - 4*j = 210. What are the prime factors of j?
5, 7
List the prime factors of (10/4 + 1)*4.
2, 7
Suppose -3*v - 2 = -4*s, -4*v - v + 8 = -s. Suppose 10 = -v*x + 